{"id":864,"date":"2023-01-23T12:03:30","date_gmt":"2023-01-23T12:03:30","guid":{"rendered":"https:\/\/brokers.tech-impulse.com\/?page_id=864"},"modified":"2024-03-07T10:56:14","modified_gmt":"2024-03-07T10:56:14","slug":"aviso-legal","status":"publish","type":"page","link":"https:\/\/contramaltratoanimal.org\/?page_id=864","title":{"rendered":"AVISO LEGAL"},"content":{"rendered":"\n<p><\/p>\n\n\n\n<p>El acceso y la navegaci\u00f3n en www.contramaltratoanimal.org&nbsp;(en adelante \u201cla Web\u201d), o el uso de los servicios de la misma,<strong>&nbsp;implican la aceptaci\u00f3n expresa e \u00edntegra del presente Aviso Legal, que incluye la Pol\u00edtica de Privacidad y la Pol\u00edtica de Cookies relativas a las finalidades de tratamiento de los datos que nos facilites.<\/strong>&nbsp;A tal fin, te recomendamos que las leas atentamente.<\/p>\n\n\n\n<p>En su caso, el usuario declara que es<strong>&nbsp;mayor de edad&nbsp;<\/strong>y tiene capacidad legal suficiente para realizar cualquier operaci\u00f3n permitida en esta Web.<\/p>\n\n\n\n<p class=\"has-large-font-size\"><strong>1.- TITULARIDAD<\/strong><\/p>\n\n\n\n<p>En cumplimiento de la Ley 34\/2002, de 11 de julio, de Servicios de la Sociedad de la Informaci\u00f3n y del Comercio Electr\u00f3nico, los datos identificativos del titular de la Web:<\/p>\n\n\n\n<ul>\n<li>Fundaci\u00f3n Contra Maltrato Animal (en adelante \u201cla Fundaci\u00f3n\u201d)<\/li>\n\n\n\n<li>Calle Sabino Arana 6 \u2013 8, 1\u00ba 2\u00aa Barcelona (08028)<\/li>\n\n\n\n<li>N.I.F. G-42991505<\/li>\n\n\n\n<li>Inscrita en el Registro de Fundaciones de la Generalitat de Catalunya con el n\u00famero 3220 en fecha 21 de Junio de 2021.<\/li>\n<\/ul>\n\n\n\n<p>Puede ponerse en contacto con nosotros a trav\u00e9s de los siguientes medios:<\/p>\n\n\n\n<ul>\n<li>Email: administraci\u00f3n@contramaltratoanimal.org<\/li>\n<\/ul>\n\n\n\n<p>El acceso a&nbsp;www.contramaltratoanimal.org&nbsp; supone la aceptaci\u00f3n expresa del usuario del presente Aviso Legal, que podr\u00e1 ser modificado o sustituido por su titular en cualquier momento y sin previo aviso. En tal sentido, el usuario ser\u00e1 el responsable de revisar de manera peri\u00f3dica la Web para ver los posibles cambios que se hayan producido.<\/p>\n\n\n\n<p class=\"has-large-font-size\"><strong>2.- CONDICIONES GENERALES DE USO<\/strong><\/p>\n\n\n\n<p>Las siguientes Condiciones Generales regulan el uso y acceso a la Web, cuya finalidad es ofrecer a los usuarios informaci\u00f3n, servicios, contenidos, cotizaci\u00f3n en tiempo real y asesoramiento experto en materia de seguros. A trav\u00e9s de la p\u00e1gina web, el usuario tiene acceso a informaci\u00f3n sobre productos y servicios espec\u00edficos de la actividad de la Fundaci\u00f3n.<\/p>\n\n\n\n<p>El usuario se compromete a hacer un uso adecuado de los contenidos y servicios, a los que tiene acceso en la Web, con sujeci\u00f3n a la ley correspondiente y a las presentes Condiciones Generales de Uso, respetando en todo momento a los dem\u00e1s usuarios de la misma.<\/p>\n\n\n\n<p>En caso de incumplimiento total o parcial por el usuario de las presentes Condiciones Generales de Uso, la Fundaci\u00f3n se reserva el derecho de denegar el acceso a la Web, sin necesidad de previo aviso al usuario.<\/p>\n\n\n\n<p>La Fundaci\u00f3n adoptar\u00e1 todas las medidas a su alcance para impedir cualquier tipo de conducta contraria a las leyes espa\u00f1olas y cooperar\u00e1 con las autoridades competentes en la identificaci\u00f3n de los sujetos responsables de las acciones que puedan suponer violaciones de las leyes aplicables a la presente Web.<\/p>\n\n\n\n<p>Cuando visitas el sitio o te comunicas con nosotros a trav\u00e9s del sitio o utilizando cualquier otra forma de comunicaci\u00f3n electr\u00f3nica, como correo electr\u00f3nico y solicitudes de informaci\u00f3n, aceptas expresamente la utilizaci\u00f3n e incorporaci\u00f3n de tus datos a nuestros ficheros de gesti\u00f3n, seguimiento y promoci\u00f3n para las finalidades recogidas en el documento \u201cPol\u00edtica de Privacidad\u201d, as\u00ed como los t\u00e9rminos y obligaciones establecidos en las presentes Condiciones Generales.<\/p>\n\n\n\n<p class=\"has-large-font-size\"><strong>3.- CONTRATACI\u00d3N DE PRODUCTOS<\/strong><\/p>\n\n\n\n<p>El acceso y uso de la Web de la Fundaci\u00f3n tiene car\u00e1cter gratuito para el usuario y el coste de los servicios de internet necesarios para acceder al mismo correr\u00e1 exclusivamente a cargo del usuario.<\/p>\n\n\n\n<p>La Fundaci\u00f3n no ser\u00e1 responsable de los da\u00f1os y perjuicios causados al usuario como consecuencia de la indisponibilidad, fallos de acceso y falta de continuidad de la Web.<\/p>\n\n\n\n<p>La introducci\u00f3n de datos del usuario en la Web de la Fundaci\u00f3n es voluntaria, pero necesaria para llevar a cabo la gesti\u00f3n solicitada, por lo que el usuario debe garantizar su exactitud y veracidad.<\/p>\n\n\n\n<p class=\"has-large-font-size\"><strong>4.- OBLIGACIONES GENERALES DEL USUARIO<\/strong><\/p>\n\n\n\n<p>El usuario, al aceptar el presente Aviso Legal, se obliga expresamente a:<\/p>\n\n\n\n<p>\u2013 No realizar ninguna acci\u00f3n destinada perjudicar, bloquear, da\u00f1ar, inutilizar, sobrecargar, de forma temporal o definitiva, las funcionalidades, herramientas, contenidos y\/o la infraestructura de la Web, de manera que impida su normal utilizaci\u00f3n.<\/p>\n\n\n\n<p>\u2013 No introducir ni realizar contenidos injuriosos o calumniosos, tanto de otros Usuarios como de terceras empresas ajenas a la Fundaci\u00f3n.<\/p>\n\n\n\n<p>\u2013 No utilizar cualquiera de los materiales e informaciones contenidos en la Web con fines il\u00edcitos y expresamente prohibidos en el presente Aviso Legal, y que resulten contrarios a los derechos e intereses de la Fundaci\u00f3n, sus usuarios y\/o terceros.<\/p>\n\n\n\n<p>\u2013 No registrarse en la Web, comunicarse con la Fundaci\u00f3n o solicitar sus servicios con una identidad falsa, suplantando a terceros o realizando cualquier otra acci\u00f3n que pueda confundir a la Fundaci\u00f3n o a otros usuarios sobre la identidad real del usuario o sobre el origen de una comunicaci\u00f3n.<\/p>\n\n\n\n<p>\u2013 No acceder sin autorizaci\u00f3n a cualquier secci\u00f3n de la Web, a otros sistemas o redes conectadas a la Web, a ning\u00fan servidor de la Fundaci\u00f3n ni a los servicios ofrecidos a trav\u00e9s de la Web, por medio de pirateo o falsificaci\u00f3n, extracci\u00f3n de contrase\u00f1as o cualquier otro medio ileg\u00edtimo.<\/p>\n\n\n\n<p>\u2013 Quebrantar, o intentar quebrantar, las medidas de seguridad o autenticaci\u00f3n del Sitio Web o de cualquier red conectada a la misma, o las medidas de seguridad o protecci\u00f3n inherentes a los contenidos ofrecidos en la Web.<\/p>\n\n\n\n<p>\u2013 Llevar a cabo alguna acci\u00f3n que provoque una saturaci\u00f3n desproporcionada o innecesaria en la infraestructura de la Web o en los sistemas o redes de la Fundaci\u00f3n, as\u00ed como en los sistemas y redes conectados a la Web.<\/p>\n\n\n\n<p>El usuario responder\u00e1 por todos los da\u00f1os y perjuicios de toda naturaleza que la Fundaci\u00f3n o cualquier tercero pueda sufrir como consecuencia del incumplimiento de cualesquiera de las obligaciones a las que queda sometido por virtud de este Aviso Legal o de la Ley en relaci\u00f3n con el acceso y\/o utilizaci\u00f3n de la Web<a href=\"http:\/\/www.howdeniberia.com\/www.howdeniberia.com\">.<\/a><\/p>\n\n\n\n<p class=\"has-large-font-size\"><strong>5.- PROPIEDAD INTELECTUAL E INDUSTRIAL<\/strong><\/p>\n\n\n\n<p>La Web, las p\u00e1ginas que comprende y la informaci\u00f3n o elementos contenidos en las mismas (incluyendo textos, documentos, fotograf\u00edas, dibujos, v\u00eddeos, representaciones gr\u00e1ficas o dise\u00f1os, entre otros), as\u00ed como logotipos, marcas, nombres comerciales u otros signos distintivos, se encuentran protegidos por derechos de propiedad intelectual o industrial, de los que la Fundaci\u00f3n es titular u ostenta autorizaci\u00f3n de los leg\u00edtimos titulares de las mismas para su utilizaci\u00f3n y comunicaci\u00f3n p\u00fablica (incluyendo puesta a disposici\u00f3n).<\/p>\n\n\n\n<p>El usuario se obliga a usar los contenidos de forma diligente y correcta, de acuerdo a la ley, la moral y el orden p\u00fablico. La Fundaci\u00f3n autoriza al usuario para visualizar la informaci\u00f3n que contiene la Web, as\u00ed como para efectuar reproducciones privadas (simple actividad de descarga y almacenamiento en sus sistemas inform\u00e1ticos), siempre y cuando los elementos sean destinados \u00fanicamente al uso personal. En ning\u00fan caso, ello significar\u00e1 una autorizaci\u00f3n o licencia sobre los derechos de propiedad de la Fundaci\u00f3n o de los leg\u00edtimos titulares de las mismas.<\/p>\n\n\n\n<p>El usuario no est\u00e1 autorizado para proceder a la reproducci\u00f3n, distribuci\u00f3n, modificaci\u00f3n o transformaci\u00f3n, cesi\u00f3n o comunicaci\u00f3n p\u00fablica de la informaci\u00f3n contenida en Web en cualquier forma y cualquiera que sea su finalidad sin la autorizaci\u00f3n expresa y por escrito de la Fundaci\u00f3n.<\/p>\n\n\n\n<p class=\"has-large-font-size\"><strong>6.- ENLACES<\/strong><\/p>\n\n\n\n<p>Las conexiones y enlaces a sitios o p\u00e1ginas web de terceros se han establecido \u00fanicamente como una utilidad para el usuario. La Fundaci\u00f3n no es, en ning\u00fan caso, responsable de las mismas o de su contenido.<\/p>\n\n\n\n<p>La Fundaci\u00f3n no asume ninguna responsabilidad derivada de la existencia de enlaces entre los contenidos de este sitio ni de contenidos situados fuera de la Web o de cualquier otra menci\u00f3n de contenidos externos a la misma. Tales enlaces o menciones tienen una finalidad exclusivamente informativa y, en ning\u00fan caso, implican el apoyo, aprobaci\u00f3n, comercializaci\u00f3n o relaci\u00f3n alguna entre la Fundaci\u00f3n y las personas o entidades autoras y\/o gestoras de tales contenidos o titulares de los sitios donde se encuentren.<\/p>\n\n\n\n<p>Para realizar enlaces a la Web ser\u00e1 necesaria la autorizaci\u00f3n expresa y por escrito de los titulares del portal.<\/p>\n\n\n\n<p class=\"has-large-font-size\"><strong>7.- RESPONSABILIDAD<\/strong><\/p>\n\n\n\n<p>La Fundaci\u00f3n no garantiza el acceso continuado, ni la correcta visualizaci\u00f3n, descarga o utilidad de los elementos e informaci\u00f3n contenidos en la Web, que pueden verse impedidos, dificultados o interrumpidos por factores o circunstancias fuera de su control o ajenas a su voluntad, ni de aquellos que sean producidos por la existencia de virus inform\u00e1ticos en Internet.<\/p>\n\n\n\n<p>La Fundaci\u00f3n no asume responsabilidad alguna por da\u00f1os, perjuicios, p\u00e9rdidas, reclamaciones o gastos producidos por:<\/p>\n\n\n\n<ul>\n<li>Interferencias, interrupciones, fallos, omisiones, retrasos, bloqueos o desconexiones, motivadas por errores en las l\u00edneas y redes de telecomunicaciones o por cualquier otra causa ajena al control de la Fundaci\u00f3n;<\/li>\n\n\n\n<li>Intromisiones ileg\u00edtimas mediante el uso de programas malignos de cualquier tipo y a trav\u00e9s de cualquier medio de comunicaci\u00f3n, tales como virus inform\u00e1ticos o cualesquiera otros;<\/li>\n\n\n\n<li>Uso indebido o inadecuado de la Web;<\/li>\n\n\n\n<li>Errores de seguridad o navegaci\u00f3n producidos por un mal funcionamiento del navegador o por el uso de versiones no actualizadas.<\/li>\n<\/ul>\n\n\n\n<p class=\"has-large-font-size\"><strong>8.- PROTECCI\u00d3N DE DATOS DE CAR\u00c1CTER PERSONAL<\/strong><\/p>\n\n\n\n<p>Toda la pol\u00edtica de tratamiento de datos personales la encontrar\u00e1s en la Pol\u00edtica de Privacidad, que forma parte integrante de este Aviso Legal pero que, por simplicidad, hemos puesto en el apartado&nbsp;<a href=\"https:\/\/www.howdeniberia.com\/politica-de-privacidad\/\">Pol\u00edtica de Privacidad<\/a>.<\/p>\n\n\n\n<p class=\"has-large-font-size\"><strong>9.- JURISDICCI\u00d3N<\/strong><\/p>\n\n\n\n<p>En caso de controversia o conflicto que pueda derivarse de la interpretaci\u00f3n o cumplimiento del presente Aviso Legal, las mismas ser\u00e1n resueltas ante los tribunales y juzgados de Barcelona, Espa\u00f1a. Si alguna cl\u00e1usula o apartado del presente Aviso Legal, que no sea de naturaleza esencial para la existencia del mismo, es declarada nula o inaplicable, la validez de las restantes cl\u00e1usulas no se ver\u00e1 afectada.<\/p>\n","protected":false},"excerpt":{"rendered":"<p>El acceso y la navegaci\u00f3n en www.contramaltratoanimal.org&nbsp;(en adelante \u201cla Web\u201d), o el uso de los servicios de la misma,&nbsp;implican la&hellip;<\/p>\n","protected":false},"author":1,"featured_media":0,"parent":0,"menu_order":0,"comment_status":"closed","ping_status":"closed","template":"","meta":{"_gspb_post_css":"","footnotes":""},"_links":{"self":[{"href":"https:\/\/contramaltratoanimal.org\/index.php?rest_route=\/wp\/v2\/pages\/864"}],"collection":[{"href":"https:\/\/contramaltratoanimal.org\/index.php?rest_route=\/wp\/v2\/pages"}],"about":[{"href":"https:\/\/contramaltratoanimal.org\/index.php?rest_route=\/wp\/v2\/types\/page"}],"author":[{"embeddable":true,"href":"https:\/\/contramaltratoanimal.org\/index.php?rest_route=\/wp\/v2\/users\/1"}],"replies":[{"embeddable":true,"href":"https:\/\/contramaltratoanimal.org\/index.php?rest_route=%2Fwp%2Fv2%2Fcomments&post=864"}],"version-history":[{"count":7,"href":"https:\/\/contramaltratoanimal.org\/index.php?rest_route=\/wp\/v2\/pages\/864\/revisions"}],"predecessor-version":[{"id":3125,"href":"https:\/\/contramaltratoanimal.org\/index.php?rest_route=\/wp\/v2\/pages\/864\/revisions\/3125"}],"wp:attachment":[{"href":"https:\/\/contramaltratoanimal.org\/index.php?rest_route=%2Fwp%2Fv2%2Fmedia&parent=864"}],"curies":[{"name":"wp","href":"https:\/\/api.w.org\/{rel}","templated":true}]}}

<p></p>



<p>El acceso y la navegación en www.contramaltratoanimal.org&nbsp;(en adelante “la Web”), o el uso de los servicios de la misma,<strong>&nbsp;implican la aceptación expresa e íntegra del presente Aviso Legal, que incluye la Política de Privacidad y la Política de Cookies relativas a las finalidades de tratamiento de los datos que nos facilites.</strong>&nbsp;A tal fin, te recomendamos que las leas atentamente.</p>



<p>En su caso, el usuario declara que es<strong>&nbsp;mayor de edad&nbsp;</strong>y tiene capacidad legal suficiente para realizar cualquier operación permitida en esta Web.</p>



<p class="has-large-font-size"><strong>1.- TITULARIDAD</strong></p>



<p>En cumplimiento de la Ley 34/2002, de 11 de julio, de Servicios de la Sociedad de la Información y del Comercio Electrónico, los datos identificativos del titular de la Web:</p>



<ul>
<li>Fundación Contra Maltrato Animal (en adelante “la Fundación”)</li>



<li>Calle Sabino Arana 6 – 8, 1º 2ª Barcelona (08028)</li>



<li>N.I.F. G-42991505</li>



<li>Inscrita en el Registro de Fundaciones de la Generalitat de Catalunya con el número 3220 en fecha 21 de Junio de 2021.</li>
</ul>



<p>Puede ponerse en contacto con nosotros a través de los siguientes medios:</p>



<ul>
<li>Email: administración@contramaltratoanimal.org</li>
</ul>



<p>El acceso a&nbsp;www.contramaltratoanimal.org&nbsp; supone la aceptación expresa del usuario del presente Aviso Legal, que podrá ser modificado o sustituido por su titular en cualquier momento y sin previo aviso. En tal sentido, el usuario será el responsable de revisar de manera periódica la Web para ver los posibles cambios que se hayan producido.</p>



<p class="has-large-font-size"><strong>2.- CONDICIONES GENERALES DE USO</strong></p>



<p>Las siguientes Condiciones Generales regulan el uso y acceso a la Web, cuya finalidad es ofrecer a los usuarios información, servicios, contenidos, cotización en tiempo real y asesoramiento experto en materia de seguros. A través de la página web, el usuario tiene acceso a información sobre productos y servicios específicos de la actividad de la Fundación.</p>



<p>El usuario se compromete a hacer un uso adecuado de los contenidos y servicios, a los que tiene acceso en la Web, con sujeción a la ley correspondiente y a las presentes Condiciones Generales de Uso, respetando en todo momento a los demás usuarios de la misma.</p>



<p>En caso de incumplimiento total o parcial por el usuario de las presentes Condiciones Generales de Uso, la Fundación se reserva el derecho de denegar el acceso a la Web, sin necesidad de previo aviso al usuario.</p>



<p>La Fundación adoptará todas las medidas a su alcance para impedir cualquier tipo de conducta contraria a las leyes españolas y cooperará con las autoridades competentes en la identificación de los sujetos responsables de las acciones que puedan suponer violaciones de las leyes aplicables a la presente Web.</p>



<p>Cuando visitas el sitio o te comunicas con nosotros a través del sitio o utilizando cualquier otra forma de comunicación electrónica, como correo electrónico y solicitudes de información, aceptas expresamente la utilización e incorporación de tus datos a nuestros ficheros de gestión, seguimiento y promoción para las finalidades recogidas en el documento “Política de Privacidad”, así como los términos y obligaciones establecidos en las presentes Condiciones Generales.</p>



<p class="has-large-font-size"><strong>3.- CONTRATACIÓN DE PRODUCTOS</strong></p>



<p>El acceso y uso de la Web de la Fundación tiene carácter gratuito para el usuario y el coste de los servicios de internet necesarios para acceder al mismo correrá exclusivamente a cargo del usuario.</p>



<p>La Fundación no será responsable de los daños y perjuicios causados al usuario como consecuencia de la indisponibilidad, fallos de acceso y falta de continuidad de la Web.</p>



<p>La introducción de datos del usuario en la Web de la Fundación es voluntaria, pero necesaria para llevar a cabo la gestión solicitada, por lo que el usuario debe garantizar su exactitud y veracidad.</p>



<p class="has-large-font-size"><strong>4.- OBLIGACIONES GENERALES DEL USUARIO</strong></p>



<p>El usuario, al aceptar el presente Aviso Legal, se obliga expresamente a:</p>



<p>– No realizar ninguna acción destinada perjudicar, bloquear, dañar, inutilizar, sobrecargar, de forma temporal o definitiva, las funcionalidades, herramientas, contenidos y/o la infraestructura de la Web, de manera que impida su normal utilización.</p>



<p>– No introducir ni realizar contenidos injuriosos o calumniosos, tanto de otros Usuarios como de terceras empresas ajenas a la Fundación.</p>



<p>– No utilizar cualquiera de los materiales e informaciones contenidos en la Web con fines ilícitos y expresamente prohibidos en el presente Aviso Legal, y que resulten contrarios a los derechos e intereses de la Fundación, sus usuarios y/o terceros.</p>



<p>– No registrarse en la Web, comunicarse con la Fundación o solicitar sus servicios con una identidad falsa, suplantando a terceros o realizando cualquier otra acción que pueda confundir a la Fundación o a otros usuarios sobre la identidad real del usuario o sobre el origen de una comunicación.</p>



<p>– No acceder sin autorización a cualquier sección de la Web, a otros sistemas o redes conectadas a la Web, a ningún servidor de la Fundación ni a los servicios ofrecidos a través de la Web, por medio de pirateo o falsificación, extracción de contraseñas o cualquier otro medio ilegítimo.</p>



<p>– Quebrantar, o intentar quebrantar, las medidas de seguridad o autenticación del Sitio Web o de cualquier red conectada a la misma, o las medidas de seguridad o protección inherentes a los contenidos ofrecidos en la Web.</p>



<p>– Llevar a cabo alguna acción que provoque una saturación desproporcionada o innecesaria en la infraestructura de la Web o en los sistemas o redes de la Fundación, así como en los sistemas y redes conectados a la Web.</p>



<p>El usuario responderá por todos los daños y perjuicios de toda naturaleza que la Fundación o cualquier tercero pueda sufrir como consecuencia del incumplimiento de cualesquiera de las obligaciones a las que queda sometido por virtud de este Aviso Legal o de la Ley en relación con el acceso y/o utilización de la Web<a href="http://www.howdeniberia.com/www.howdeniberia.com">.</a></p>



<p class="has-large-font-size"><strong>5.- PROPIEDAD INTELECTUAL E INDUSTRIAL</strong></p>



<p>La Web, las páginas que comprende y la información o elementos contenidos en las mismas (incluyendo textos, documentos, fotografías, dibujos, vídeos, representaciones gráficas o diseños, entre otros), así como logotipos, marcas, nombres comerciales u otros signos distintivos, se encuentran protegidos por derechos de propiedad intelectual o industrial, de los que la Fundación es titular u ostenta autorización de los legítimos titulares de las mismas para su utilización y comunicación pública (incluyendo puesta a disposición).</p>



<p>El usuario se obliga a usar los contenidos de forma diligente y correcta, de acuerdo a la ley, la moral y el orden público. La Fundación autoriza al usuario para visualizar la información que contiene la Web, así como para efectuar reproducciones privadas (simple actividad de descarga y almacenamiento en sus sistemas informáticos), siempre y cuando los elementos sean destinados únicamente al uso personal. En ningún caso, ello significará una autorización o licencia sobre los derechos de propiedad de la Fundación o de los legítimos titulares de las mismas.</p>



<p>El usuario no está autorizado para proceder a la reproducción, distribución, modificación o transformación, cesión o comunicación pública de la información contenida en Web en cualquier forma y cualquiera que sea su finalidad sin la autorización expresa y por escrito de la Fundación.</p>



<p class="has-large-font-size"><strong>6.- ENLACES</strong></p>



<p>Las conexiones y enlaces a sitios o páginas web de terceros se han establecido únicamente como una utilidad para el usuario. La Fundación no es, en ningún caso, responsable de las mismas o de su contenido.</p>



<p>La Fundación no asume ninguna responsabilidad derivada de la existencia de enlaces entre los contenidos de este sitio ni de contenidos situados fuera de la Web o de cualquier otra mención de contenidos externos a la misma. Tales enlaces o menciones tienen una finalidad exclusivamente informativa y, en ningún caso, implican el apoyo, aprobación, comercialización o relación alguna entre la Fundación y las personas o entidades autoras y/o gestoras de tales contenidos o titulares de los sitios donde se encuentren.</p>



<p>Para realizar enlaces a la Web será necesaria la autorización expresa y por escrito de los titulares del portal.</p>



<p class="has-large-font-size"><strong>7.- RESPONSABILIDAD</strong></p>



<p>La Fundación no garantiza el acceso continuado, ni la correcta visualización, descarga o utilidad de los elementos e información contenidos en la Web, que pueden verse impedidos, dificultados o interrumpidos por factores o circunstancias fuera de su control o ajenas a su voluntad, ni de aquellos que sean producidos por la existencia de virus informáticos en Internet.</p>



<p>La Fundación no asume responsabilidad alguna por daños, perjuicios, pérdidas, reclamaciones o gastos producidos por:</p>



<ul>
<li>Interferencias, interrupciones, fallos, omisiones, retrasos, bloqueos o desconexiones, motivadas por errores en las líneas y redes de telecomunicaciones o por cualquier otra causa ajena al control de la Fundación;</li>



<li>Intromisiones ilegítimas mediante el uso de programas malignos de cualquier tipo y a través de cualquier medio de comunicación, tales como virus informáticos o cualesquiera otros;</li>



<li>Uso indebido o inadecuado de la Web;</li>



<li>Errores de seguridad o navegación producidos por un mal funcionamiento del navegador o por el uso de versiones no actualizadas.</li>
</ul>



<p class="has-large-font-size"><strong>8.- PROTECCIÓN DE DATOS DE CARÁCTER PERSONAL</strong></p>



<p>Toda la política de tratamiento de datos personales la encontrarás en la Política de Privacidad, que forma parte integrante de este Aviso Legal pero que, por simplicidad, hemos puesto en el apartado&nbsp;<a href="https://www.howdeniberia.com/politica-de-privacidad/">Política de Privacidad</a>.</p>



<p class="has-large-font-size"><strong>9.- JURISDICCIÓN</strong></p>



<p>En caso de controversia o conflicto que pueda derivarse de la interpretación o cumplimiento del presente Aviso Legal, las mismas serán resueltas ante los tribunales y juzgados de Barcelona, España. Si alguna cláusula o apartado del presente Aviso Legal, que no sea de naturaleza esencial para la existencia del mismo, es declarada nula o inaplicable, la validez de las restantes cláusulas no se verá afectada.</p>

<p>El acceso y la navegación en www.contramaltratoanimal.org&nbsp;(en adelante “la Web”), o el uso de los servicios de la misma,&nbsp;implican la&hellip;</p>
