{"id":2735,"date":"2023-10-09T09:21:17","date_gmt":"2023-10-09T09:21:17","guid":{"rendered":"https:\/\/bayama.tech-impulse.com\/?page_id=2735"},"modified":"2024-02-28T08:26:38","modified_gmt":"2024-02-28T08:26:38","slug":"que-hacemos","status":"publish","type":"page","link":"https:\/\/contramaltratoanimal.org\/?page_id=2735","title":{"rendered":"Qu\u00e9 hacemos"},"content":{"rendered":"<h2 class=\"bold wp-block-post-title\">Qu\u00e9 hacemos<\/h2>\n\n\n<p>En <em>Fundaci\u00f3n Contra Maltrato Animal<\/em> estamos comprometidos con la noble causa de brindar amor, atenci\u00f3n y una segunda oportunidad a los animales maltratados y abandonados. Nuestra misi\u00f3n es simple pero poderosa: cambiar vidas.<\/p>\n\n\n\n<p><strong>Rescate y Rehabilitaci\u00f3n<\/strong><\/p>\n\n\n\n<p>Nuestro equipo de apasionados defensores de los animales trabaja incansablemente para rescatar a perros y gatos que han sufrido abusos, negligencia o abandono. Les brindamos un refugio seguro, atenci\u00f3n veterinaria y todo el amor y cari\u00f1o que necesitan para comenzar su proceso de recuperaci\u00f3n.<\/p>\n\n\n\n<div class=\"wp-block-columns is-layout-flex wp-container-3 wp-block-columns-is-layout-flex\">\n<div class=\"wp-block-column is-layout-flow wp-block-column-is-layout-flow\">\n<figure class=\"wp-block-image size-large\"><img decoding=\"async\" loading=\"lazy\" width=\"1024\" height=\"768\" src=\"https:\/\/bayama.tech-impulse.com\/wp-content\/uploads\/2024\/01\/Antes-1024x768.jpg\" alt=\"\" class=\"wp-image-2948\" srcset=\"https:\/\/contramaltratoanimal.org\/wp-content\/uploads\/2024\/01\/Antes-1024x768.jpg 1024w, https:\/\/contramaltratoanimal.org\/wp-content\/uploads\/2024\/01\/Antes-300x225.jpg 300w, https:\/\/contramaltratoanimal.org\/wp-content\/uploads\/2024\/01\/Antes-768x576.jpg 768w, https:\/\/contramaltratoanimal.org\/wp-content\/uploads\/2024\/01\/Antes.jpg 1280w\" sizes=\"(max-width: 1024px) 100vw, 1024px\" \/><\/figure>\n\n\n\n<div id=\"gspb_container-id-gsbp-8abddb8a-fa8b\" class=\"gspb_container gspb_container-gsbp-8abddb8a-fa8b wp-block-greenshift-blocks-container\">\n<p><strong>Antes<\/strong><\/p>\n<\/div>\n<\/div>\n\n\n\n<div class=\"wp-block-column is-layout-flow wp-block-column-is-layout-flow\">\n<figure class=\"wp-block-image size-full\"><img decoding=\"async\" loading=\"lazy\" width=\"1024\" height=\"768\" src=\"https:\/\/bayama.tech-impulse.com\/wp-content\/uploads\/2024\/01\/Despues.jpg\" alt=\"\" class=\"wp-image-2896\" srcset=\"https:\/\/contramaltratoanimal.org\/wp-content\/uploads\/2024\/01\/Despues.jpg 1024w, https:\/\/contramaltratoanimal.org\/wp-content\/uploads\/2024\/01\/Despues-300x225.jpg 300w, https:\/\/contramaltratoanimal.org\/wp-content\/uploads\/2024\/01\/Despues-768x576.jpg 768w\" sizes=\"(max-width: 1024px) 100vw, 1024px\" \/><\/figure>\n\n\n\n<div id=\"gspb_container-id-gsbp-9c02aa05-dbbf\" class=\"gspb_container gspb_container-gsbp-9c02aa05-dbbf wp-block-greenshift-blocks-container\">\n<p><strong>Despu\u00e9s<\/strong><\/p>\n<\/div>\n<\/div>\n<\/div>\n\n\n\n<p><strong>Cuidado Compasivo<\/strong><\/p>\n\n\n\n<p>En <em>Fundaci\u00f3n Contra Maltrato Animal<\/em> creemos en el poder de la compasi\u00f3n. Cada uno de nuestros residentes recibe cuidados individualizados y atenci\u00f3n especializada. Trabajamos en estrecha colaboraci\u00f3n con veterinarios y entrenadores de comportamiento para garantizar que cada animal reciba el mejor cuidado posible.<\/p>\n\n\n\n<p><strong>Adopciones Responsables<\/strong><\/p>\n\n\n\n<p>Nuestro objetivo final es encontrar hogares amorosos y permanentes para todos nuestros animales. Realizamos rigurosos procesos de adopci\u00f3n para asegurarnos de que cada mascota encuentre el entorno adecuado que se adapte a sus necesidades \u00fanicas. Fomentamos la adopci\u00f3n responsable y brindamos apoyo continuo a las familias adoptivas.<\/p>\n\n\n\n<p><strong>Educaci\u00f3n y Sensibilizaci\u00f3n<\/strong><\/p>\n\n\n\n<p>Creemos que la prevenci\u00f3n es fundamental. Trabajamos activamente para educar a la comunidad sobre la importancia del bienestar animal, la esterilizaci\u00f3n y la adopci\u00f3n de mascotas. A trav\u00e9s de programas educativos y eventos, esperamos inspirar un cambio duradero en la forma en que las personas ven, tratan y cuidan a los animales.<\/p>\n\n\n\n<p><strong>Apoyo de la Comunidad<\/strong><\/p>\n\n\n\n<p>No podr\u00edamos hacer lo que hacemos sin el apoyo generoso de nuestra comunidad. Apreciamos a nuestros donantes, voluntarios y colaboradores que hacen posible nuestra labor. Si deseas contribuir de alguna manera, \u00a1\u00fanete a nosotros en nuestra misi\u00f3n de hacer del mundo un lugar mejor para nuestros amigos peludos!<\/p>\n\n\n\n<p>Juntos, estamos construyendo un mundo en el que todos los animales tengan la oportunidad de vivir una vida feliz y saludable. Participa en nuestra b\u00fasqueda de un futuro m\u00e1s brillante para los animales maltratados. Cada acci\u00f3n cuenta y tu apoyo es esencial.<\/p>\n\n\n\n<p>\u00a1Gracias por ser parte de <em>Fundaci\u00f3n Contra Maltrato Animal<\/em>!<\/p>\n","protected":false},"excerpt":{"rendered":"<p>En Fundaci\u00f3n Contra Maltrato Animal estamos comprometidos con la noble causa de brindar amor, atenci\u00f3n y una segunda oportunidad a&hellip;<\/p>\n","protected":false},"author":1,"featured_media":0,"parent":0,"menu_order":0,"comment_status":"closed","ping_status":"closed","template":"","meta":{"_gspb_post_css":"#gspb_container-id-gsbp-8abddb8a-fa8b.gspb_container,#gspb_container-id-gsbp-9c02aa05-dbbf.gspb_container{position:relative;flex-direction:column;box-sizing:border-box}#gspb_container-id-gsbp-8abddb8a-fa8b.gspb_container .gspb_container__content,#gspb_container-id-gsbp-9c02aa05-dbbf.gspb_container .gspb_container__content{margin:auto}#gspb_container-id-gsbp-8abddb8a-fa8b.gspb_container>p:last-of-type,#gspb_container-id-gsbp-9c02aa05-dbbf.gspb_container>p:last-of-type{margin-bottom:0}body.gspb-bodyfront #gspb_container-id-gsbp-8abddb8a-fa8b.gspb_container,body.gspb-bodyfront #gspb_container-id-gsbp-9c02aa05-dbbf.gspb_container{display:flex;justify-content:center;align-items:center}","footnotes":""},"_links":{"self":[{"href":"https:\/\/contramaltratoanimal.org\/index.php?rest_route=\/wp\/v2\/pages\/2735"}],"collection":[{"href":"https:\/\/contramaltratoanimal.org\/index.php?rest_route=\/wp\/v2\/pages"}],"about":[{"href":"https:\/\/contramaltratoanimal.org\/index.php?rest_route=\/wp\/v2\/types\/page"}],"author":[{"embeddable":true,"href":"https:\/\/contramaltratoanimal.org\/index.php?rest_route=\/wp\/v2\/users\/1"}],"replies":[{"embeddable":true,"href":"https:\/\/contramaltratoanimal.org\/index.php?rest_route=%2Fwp%2Fv2%2Fcomments&post=2735"}],"version-history":[{"count":8,"href":"https:\/\/contramaltratoanimal.org\/index.php?rest_route=\/wp\/v2\/pages\/2735\/revisions"}],"predecessor-version":[{"id":3061,"href":"https:\/\/contramaltratoanimal.org\/index.php?rest_route=\/wp\/v2\/pages\/2735\/revisions\/3061"}],"wp:attachment":[{"href":"https:\/\/contramaltratoanimal.org\/index.php?rest_route=%2Fwp%2Fv2%2Fmedia&parent=2735"}],"curies":[{"name":"wp","href":"https:\/\/api.w.org\/{rel}","templated":true}]}}